 first derivative of m**4/4 + 2*m**3 + 2*m - 38. What is t(-6)?
2
Let t(f) = -f + 1. Let i = 35 - 84. Let l = -43 - i. Give t(l).
-5
Let v = -19 - -23. Suppose -v = -y - y. Suppose 8 = -y*t, -4*u - 3*t = -u + 18. Let n(o) = -o**3 - 2*o**2 - o - 1. Determine n(u).
1
Let c = 23 + -14. Let a(v) = 2*v**2 - v + 16. Let s(l) = -5*l**2 + 5*l - 33. Let n(f) = 7*a(f) + 3*s(f). Determine n(c).
4
Let q(f) be the third derivative of 1/40*f**5 + f**2 + 0 + 1/360*f**6 + 0*f**3 + 0*f - 1/12*f**4. Let t(c) be the second derivative of q(c). Calculate t(-4).
-5
Let r = 5 - 5. Let q(w) be the first derivative of w**4/4 - w**3/3 - w**2/2 + 6*w + 59. Give q(r).
6
Let w(g) = -g**3 + 9*g**2 + 7*g - 5. Suppose -9*m = 94 - 184. What is w(m)?
-35
Let v(g) = g**3 - g**2 + g + 5. Suppose 4*k + 5*p - 45 = 0, 0*p = 3*k + 3*p - 33. Let o(c) = 5*c + 85. Let x be o(0). Let h be (-51)/x - (-6)/k. Give v(h).
5
Let d(z) = -z**2 - 22*z + 243. Let k be d(-30). Let c(x) = 5*x - 7. Determine c(k).
8
Suppose 5*q = -5*c + 20, -q - 3 = -4*c + 23. Let f(r) = -r**3 + 6*r**2 + 1. Give f(c).
1
Let l(y) = y. Let u = 32 - 27. Let n be (3/(-1) + 4)*u. Calculate l(n).
5
Let x(p) = -p + 6. Let s(c) be the second derivative of c**3/3 - 11*c**2/2 - 3*c + 14. Let w(b) = 6*s(b) + 11*x(b). Suppose -2 = d - 0. What is w(d)?
-2
Let o(u) = -u**3 + 10*u**2 - 9*u + 4. Let f be o(9). Let n(b) = -b**2 - 3*b + 10. Let m be n(-5). Let h(g) = f + m*g - g + g**3 - 8*g**2 + 3*g**2. Give h(5).
-1
Let s = -2 - -5. Suppose -j = -c - 1, -s*c + 7*j - 3*j - 5 = 0. Let k = c + 0. Let g(l) = 6*l**3 + 2*l - 1. Calculate g(k).
7
Suppose 4*f + 5 = -5*q - 10, 2*q - 60 = 5*f. Let l(p) = p**3 + 10*p**2 - 3*p - 15. Give l(f).
15
Let t be 0/(-1) + 0/(-1). Let c(v) = 14 - v - 69 + 65. Give c(t).
10
Let l(h) = -h**3 - 7*h**2 - 7*h + 3. Let w = 683 - 689. Determine l(w).
9
Let d(c) be the second derivative of -c**4/12 - c**3/2 - c**2 - 30*c. Let x = -50 + 48. Calculate d(x).
0
Suppose 0 = -2*d - d + 24. Let v be ((-6)/d)/((-18)/48). Suppose 0 = -2*a - v*i - 16, 0*a = -5*a - 3*i - 36. Let w(p) = p**2 + 7*p + 7. Determine w(a).
1
Let j(n) be the second derivative of 7*n + 0*n**3 + 1/3*n**4 + 0 - 1/2*n**2 + 1/20*n**5. Let p(k) = -k - 8. Let t be p(-4). Determine j(t).
-1
Let j(g) = -g**2 + 13*g - 22. Let r be (4/(-14))/((-68)/2618). What is j(r)?
0
Let p(s) = -7*s**2 + 1. Let i(o) = 11*o + 9. Let f(n) = 13*n + 10. Let t(l) = 5*f(l) - 6*i(l). Let h be t(-5). Give p(h).
-6
Let n = 135 + 13. Let t = -144 + n. Let m(d) = 4*d**2 + 5*d - 3*d**2 - 2*d**2. Determine m(t).
4
Suppose w - 15 = -13. Let h(v) = -4*v + 0*v - w + 3*v - 3. Determine h(-4).
-1
Let d(f) be the second derivative of 6*f - 1/360*f**6 + 0*f**2 - 1/24*f**4 - 7/120*f**5 + 0 + f**3. Let r(p) be the second derivative of d(p). Calculate r(-7).
-1
Let z(b) = -b + 3. Let m(x) be the first derivative of x**2 - 10*x - 37. Let t(a) = -3*m(a) - 8*z(a). Calculate t(-6).
-6
Let k(l) = -7*l**2 + 81 + 11*l**2 - 74 - l. What is k(0)?
7
Let k(x) = x - 3. Let b(v) = 3*v + 32. Let y be b(-8). Let o be 2 + (-20)/(-16) + 6/y. What is k(o)?
1
Let c(x) be the first derivative of -x**7/840 + x**6/90 - x**5/60 - x**4/6 - x**3/3 - 3. Let g(f) be the third derivative of c(f). Determine g(4).
-12
Let a(o) be the first derivative of o**3/3 - 3*o**2/2 - 6*o + 187. Let x be (-1 - -3)*(-5)/(-2). Give a(x).
4
Let v be 22/(-2) - 8/(-4). Let m(c) = -5*c**3 + 8*c**2 - 8*c + 16. Let w(z) = -11*z**3 + 16*z**2 - 16*z + 34. Let r(n) = -13*m(n) + 6*w(n). Determine r(v).
5
Let h(r) = r - 1. Let o(b) = 6*b - 3. Suppose 18 + 33 = 3*s. Let u(k) = -2*k + 1. Let m(q) = s*u(q) + 6*o(q). Let c(w) = -4*h(w) + 3*m(w). Calculate c(1).
3
Let z(t) = -t**2 - t + 1. Let k be z(-3). Let o(b) = b + 1. Let u(r) = -3*r - 3. Let v(a) = k*o(a) - u(a). Determine v(-2).
2
Let v be (8/(-1) - -7)*2. Let c(g) = 3 + 2*g + 0*g + 2*g**2 + 0*g + 2*g. Determine c(v).
3
Let n(d) = -84*d + 8 + 163*d - 81*d. What is n(6)?
-4
Let r(g) = -g**2 + 3*g + 9. Suppose -q = -7*y + 4*y + 28, 0 = -5*y - 3*q + 28. What is r(y)?
-31
Suppose -a - 4*f - 13 = 0, f + 19 = a + 12. Let n(b) = -2*b - 1. Give n(a).
-7
Let o be (-1)/7 + 253/7. Suppose o + 19 = 5*x. Let j(r) = x*r**2 + 8 + 0*r**3 + 3*r**3 - 4*r**3 - 4*r**2 - 6*r. Determine j(6).
8
Suppose -3*l + l = -6, 4*l = -2*v + 344. Let t(i) = i - v + 167 + 0*i - i**2. Give t(-1).
-1
Let j(u) = -2*u**2 - 13*u + 6. Suppose 20 = -3*v - 2*k, -3*v - 21 = -2*k - 5. Give j(v).
12
Suppose -6*b + b + 10 = 0. Suppose v + 5*z = 13 + 5, 0 = 2*v - b*z. Let f(d) = -3*d + 4 + 8*d**3 - 5*d**3 - 3*d**2 - 2*d**v - 2*d. What is f(3)?
-11
Let b(n) = 10*n - 3. Let v(p) = -p - 1. Let a(u) = -b(u) + 4*v(u). Let t = -22 - -21. Calculate a(t).
13
Let n(z) be the second derivative of z**4/6 + 2*z**3/3 - 9*z + 5. Determine n(-4).
16
Let s(t) = t - 1. Suppose 0 = -5*r - x + 5*x - 10, -3*x + 19 = 2*r. Suppose 2*v = -r*v - 28. What is s(v)?
-8
Let s(h) = h**2 + 2*h + 4. Let y be s(-4). Let a = 7 - y. Let d(o) be the second derivative of -o**4/12 - 5*o**3/6 + 5*o**2/2 - 12*o. Calculate d(a).
5
Let x(t) = -17 + 4*t + 0*t**2 - 4*t - t**2 + 9*t + 0*t**2. What is x(7)?
-3
Suppose -6*i = -9*i - 2*o - 9, -3*o = 9. Let h(f) = -21*f**2 - f - 1. What is h(i)?
-21
Let l(c) = 0*c**2 - c**2 + 2 + 2*c - 3*c**2. Let i(a) = -a - 13. Let s be i(-8). Let k = s + 7. Determine l(k).
-10
Let j(m) = 3*m - 1. Let c(g) = -14*g - 3. Let n(l) = -l - 1. Let r(q) = c(q) - 6*n(q). Let z(x) = -7*j(x) - 2*r(x). Give z(1).
-4
Let b(h) = h**2 - 6*h - 5. Let x(a) = -2*a - 22. Let z be x(-10). Let k be (-1 + -6)*(z - -1). What is b(k)?
2
Let c(r) = -r**3 - 8*r**2 + r + 3. Suppose -2*z - 4*o + 2 = 30, -2*o = -2*z - 10. What is c(z)?
-5
Let a(u) = -3*u + 5*u + 5 + 12 - 2. Let i be a(-7). Let k(b) = b**2 - b + 1. Give k(i).
1
Suppose 0 = 2*b + 102 - 8. Let x = b - -47. Let d(i) = -i**2 + 7. Calculate d(x).
7
Let s(c) = c**3 + 6*c**2 - 3*c + 2. Let k(f) = -2*f**3 - 12*f**2 + 7*f - 4. Let d(h) = 4*k(h) + 7*s(h). Let a = 515 + -522. Calculate d(a).
-2
Let y = 2 + -10. Let q(j) = -j**3 + 4*j**2 + 2*j - 5. Let o be q(4). Let x(g) = 8*g**2 + 7*g + g**o + 0*g**2 - 8 + g**2. What is x(y)?
0
Let h(v) be the first derivative of v**2 - 12*v - 2. What is h(12)?
12
Suppose -2*x = 2*v, -v + 2*x + 2*x + 15 = 0. Let g(n) = 3*n**3 - n**3 - 9*n**v. Let l = 298 - 297. Calculate g(l).
-7
Let o(p) be the third derivative of 23*p**2 + 1/30*p**5 + 7/24*p**4 + 0*p + 0 + p**3. Determine o(-4).
10
Let g = 4 + 1. Let n be 2/g*(-1 + 6). Let c(f) = -f - n + 4*f - 4. What is c(4)?
6
Let l be 333/(-72) + (-12)/32. Let z(n) = -n - 1. Calculate z(l).
4
Let u = 472 - 479. Let k(h) = -2*h**2 - 9*h + 3. Determine k(u).
-32
Let l be (18/(-9))/2*-3. Let h(z) be the first derivative of -1/4*z**4 + 8 - 3*z - 2*z**2 + 2*z**l. Give h(5).
2
Let t(m) = m**2 - 7*m. Let b = -5 + -17. Let c = -33 - b. Let h = 17 + c. What is t(h)?
-6
Let k = -68 - -64. Let f(a) be the third derivative of -a**4/24 - a**3/6 - 11*a**2. Give f(k).
3
Let u(z) be the third derivative of -z**6/20 - z**4/24 + z**3/6 - z**2. Let c(v) = 12*v - 311. Let g be c(26). What is u(g)?
-6
Let t(v) = -446*v - 448*v - 4 + 1340*v - 447*v. Suppose -l = -3*d - 6, 5*l - 3*d = -0*d - 18. Calculate t(l).
2
Let n(y) = -4*y**2 - 2*y + 1. Suppose -5 = 4*d + 3*s, -d + 3 = -3*s + 8. Let j(m) = -7*m - 3*m**2 - m + 5*m + 0*m. Let o(p) = d*n(p) + 3*j(p). Give o(-5).
-2
Suppose 9*c + 40 = 11*c. Suppose -4*f - 8 = 4*m + c, 23 = -5*f - 2*m. Let o(x) = 5*x - 1. Give o(f).
-16
Let g(r) = -r - 1. Let m(a) = 3*a + 1. Let c(n) = 4*g(n) + m(n). Suppose -3*k - k = 4*k. Determine c(k).
-3
Let i(y) be the first derivative of -5*y**2/2 + 2*y + 124. Let m(n) = n**3 - 6*n**2 + 7*n - 7. Let t be m(5). Give i(t).
-13
Let f(i) = 6*i + 4. Suppose -5*p - 11 = 4*x, -3*p = -3*x + x + 11. Determine f(p).
-14
Let f be 2*((-3)/9 + (-17)/(-6)). Let d(k) = 9 + k**2 + 4*k - 5*k**2 + 3*k**2 - 7. Calculate d(f).
-3
Suppose 3*u - 10 = -2*h, 8 = u + 2*u + 4*h. Let s(i) = -6*i**2 - 2*i + 8. Let j(b) = 5*b**2 + b - 7. Let n(t) = -5*j(t) - 4*s(t). Determine n(u).
-1
Let a(b) = -3*b + 2*b - 4*b + 3*b + 5. Let f be a(6). Let m(h) = 3*h - 5. Let u(y) = -10*y + 14. Let t(i) = f*m(i) - 2*u(i). Calculate t(6).
1
Let w(l) = 8*l**2 - 1. Suppose -5*p + 1 = 3*f, -8*f + 12*f - 4 = -4*p. What is w(p)?
7
Let n be 6/